[INFO] cloning repository https://github.com/clifinger/canduma
[INFO] running `Command { std: "git" "-c" "credential.helper=" "-c" "credential.helper=/workspace/cargo-home/bin/git-credential-null" "clone" "--bare" "https://github.com/clifinger/canduma" "/workspace/cache/git-repos/https%3A%2F%2Fgithub.com%2Fclifinger%2Fcanduma", kill_on_drop: false }`
[INFO] [stderr] Cloning into bare repository '/workspace/cache/git-repos/https%3A%2F%2Fgithub.com%2Fclifinger%2Fcanduma'...
[INFO] running `Command { std: "git" "rev-parse" "HEAD", kill_on_drop: false }`
[INFO] [stdout] 39bf0fea986d716481a3944f3afa5b472a7729df
[INFO] checking clifinger/canduma against master#e6e4f7ed1589e03bc2f6c5931c1a72e7947e8682 for beta-170-4
[INFO] running `Command { std: "git" "clone" "/workspace/cache/git-repos/https%3A%2F%2Fgithub.com%2Fclifinger%2Fcanduma" "/workspace/builds/worker-7-tc2/source", kill_on_drop: false }`
[INFO] [stderr] Cloning into '/workspace/builds/worker-7-tc2/source'...
[INFO] [stderr] done.
[INFO] validating manifest of git repo https://github.com/clifinger/canduma on toolchain e6e4f7ed1589e03bc2f6c5931c1a72e7947e8682
[INFO] running `Command { std: CARGO_HOME="/workspace/cargo-home" RUSTUP_HOME="/workspace/rustup-home" "/workspace/cargo-home/bin/cargo" "+e6e4f7ed1589e03bc2f6c5931c1a72e7947e8682" "metadata" "--manifest-path" "Cargo.toml" "--no-deps", kill_on_drop: false }`
[INFO] started tweaking git repo https://github.com/clifinger/canduma
[INFO] finished tweaking git repo https://github.com/clifinger/canduma
[INFO] tweaked toml for git repo https://github.com/clifinger/canduma written to /workspace/builds/worker-7-tc2/source/Cargo.toml
[INFO] crate git repo https://github.com/clifinger/canduma already has a lockfile, it will not be regenerated
[INFO] running `Command { std: CARGO_HOME="/workspace/cargo-home" RUSTUP_HOME="/workspace/rustup-home" "/workspace/cargo-home/bin/cargo" "+e6e4f7ed1589e03bc2f6c5931c1a72e7947e8682" "fetch" "--manifest-path" "Cargo.toml", kill_on_drop: false }`
[INFO] running `Command { std: "docker" "create" "-v" "/var/lib/crater-agent-workspace/builds/worker-7-tc2/target:/opt/rustwide/target:rw,Z" "-v" "/var/lib/crater-agent-workspace/builds/worker-7-tc2/source:/opt/rustwide/workdir:ro,Z" "-v" "/var/lib/crater-agent-workspace/cargo-home:/opt/rustwide/cargo-home:ro,Z" "-v" "/var/lib/crater-agent-workspace/rustup-home:/opt/rustwide/rustup-home:ro,Z" "-e" "SOURCE_DIR=/opt/rustwide/workdir" "-e" "CARGO_TARGET_DIR=/opt/rustwide/target" "-e" "CARGO_HOME=/opt/rustwide/cargo-home" "-e" "RUSTUP_HOME=/opt/rustwide/rustup-home" "-w" "/opt/rustwide/workdir" "-m" "1610612736" "--user" "0:0" "--network" "none" "ghcr.io/rust-lang/crates-build-env/linux@sha256:19e73879b68f455e41552ea35293514db52ea292d993f571636dbffedb77a1ee" "/opt/rustwide/cargo-home/bin/cargo" "+e6e4f7ed1589e03bc2f6c5931c1a72e7947e8682" "metadata" "--no-deps" "--format-version=1", kill_on_drop: false }`
[INFO] [stdout] db87febd1263e00017d923df61ab470e4e04d94e849c1df1efec0e3a5559a114
[INFO] running `Command { std: "docker" "start" "-a" "db87febd1263e00017d923df61ab470e4e04d94e849c1df1efec0e3a5559a114", kill_on_drop: false }`
[INFO] running `Command { std: "docker" "inspect" "db87febd1263e00017d923df61ab470e4e04d94e849c1df1efec0e3a5559a114", kill_on_drop: false }`
[INFO] running `Command { std: "docker" "rm" "-f" "db87febd1263e00017d923df61ab470e4e04d94e849c1df1efec0e3a5559a114", kill_on_drop: false }`
[INFO] [stdout] db87febd1263e00017d923df61ab470e4e04d94e849c1df1efec0e3a5559a114
[INFO] running `Command { std: "docker" "create" "-v" "/var/lib/crater-agent-workspace/builds/worker-7-tc2/target:/opt/rustwide/target:rw,Z" "-v" "/var/lib/crater-agent-workspace/builds/worker-7-tc2/source:/opt/rustwide/workdir:ro,Z" "-v" "/var/lib/crater-agent-workspace/cargo-home:/opt/rustwide/cargo-home:ro,Z" "-v" "/var/lib/crater-agent-workspace/rustup-home:/opt/rustwide/rustup-home:ro,Z" "-e" "SOURCE_DIR=/opt/rustwide/workdir" "-e" "CARGO_TARGET_DIR=/opt/rustwide/target" "-e" "CARGO_INCREMENTAL=0" "-e" "RUST_BACKTRACE=full" "-e" "RUSTFLAGS=--cap-lints=forbid" "-e" "RUSTDOCFLAGS=--cap-lints=forbid" "-e" "CARGO_HOME=/opt/rustwide/cargo-home" "-e" "RUSTUP_HOME=/opt/rustwide/rustup-home" "-w" "/opt/rustwide/workdir" "-m" "1610612736" "--user" "0:0" "--network" "none" "ghcr.io/rust-lang/crates-build-env/linux@sha256:19e73879b68f455e41552ea35293514db52ea292d993f571636dbffedb77a1ee" "/opt/rustwide/cargo-home/bin/cargo" "+e6e4f7ed1589e03bc2f6c5931c1a72e7947e8682" "check" "--frozen" "--all" "--all-targets" "--message-format=json", kill_on_drop: false }`
[INFO] [stdout] 14614d1036a547f5cb0cf10f22ebd1a485c59f0e556e5c798fb221fd3ed2a063
[INFO] running `Command { std: "docker" "start" "-a" "14614d1036a547f5cb0cf10f22ebd1a485c59f0e556e5c798fb221fd3ed2a063", kill_on_drop: false }`
[INFO] [stderr]    Compiling proc-macro2 v1.0.29
[INFO] [stderr]    Compiling libc v0.2.101
[INFO] [stderr]    Compiling syn v1.0.76
[INFO] [stderr]    Compiling memchr v2.4.1
[INFO] [stderr]    Compiling futures-core v0.3.17
[INFO] [stderr]     Checking slab v0.4.4
[INFO] [stderr]     Checking futures-sink v0.3.17
[INFO] [stderr]    Compiling futures-channel v0.3.17
[INFO] [stderr]    Compiling futures-macro v0.3.17
[INFO] [stderr]    Compiling futures-task v0.3.17
[INFO] [stderr]    Compiling futures-util v0.3.17
[INFO] [stderr]    Compiling serde_derive v1.0.130
[INFO] [stderr]    Compiling serde v1.0.130
[INFO] [stderr]     Checking futures-io v0.3.17
[INFO] [stderr]     Checking instant v0.1.10
[INFO] [stderr]     Checking lock_api v0.4.5
[INFO] [stderr]    Compiling cc v1.0.70
[INFO] [stderr]     Checking tinyvec v1.3.1
[INFO] [stderr]    Compiling indexmap v1.7.0
[INFO] [stderr]    Compiling async-trait v0.1.51
[INFO] [stderr]     Checking unicode-bidi v0.3.6
[INFO] [stderr]     Checking cipher v0.2.5
[INFO] [stderr]    Compiling serde_json v1.0.67
[INFO] [stderr]     Checking universal-hash v0.4.1
[INFO] [stderr]    Compiling const_fn v0.4.8
[INFO] [stderr]     Checking http v0.2.4
[INFO] [stderr]     Checking crypto-mac v0.10.1
[INFO] [stderr]     Checking tracing-core v0.1.19
[INFO] [stderr]     Checking polyval v0.4.5
[INFO] [stderr]    Compiling time v0.2.27
[INFO] [stderr]     Checking aead v0.3.2
[INFO] [stderr]     Checking aes-soft v0.6.4
[INFO] [stderr]     Checking hmac v0.10.1
[INFO] [stderr]     Checking ctr v0.6.0
[INFO] [stderr]     Checking ghash v0.3.1
[INFO] [stderr]    Compiling num-bigint v0.2.6
[INFO] [stderr]     Checking hkdf v0.10.0
[INFO] [stderr]     Checking sha2 v0.9.6
[INFO] [stderr]     Checking sha-1 v0.9.8
[INFO] [stderr]     Checking void v1.0.2
[INFO] [stderr]     Checking bytestring v1.0.0
[INFO] [stderr]     Checking unreachable v1.0.0
[INFO] [stderr]     Checking aes v0.6.0
[INFO] [stderr]     Checking tracing v0.1.26
[INFO] [stderr]    Compiling num-complex v0.2.4
[INFO] [stderr]     Checking aes-gcm v0.8.0
[INFO] [stderr]    Compiling num-rational v0.2.4
[INFO] [stderr]    Compiling num-iter v0.1.42
[INFO] [stderr]     Checking ascii v0.9.3
[INFO] [stderr]     Checking uuid v0.8.2
[INFO] [stderr]    Compiling anyhow v1.0.43
[INFO] [stderr]    Compiling itertools v0.8.2
[INFO] [stderr]     Checking aho-corasick v0.7.18
[INFO] [stderr]    Compiling quote v1.0.9
[INFO] [stderr]     Checking unicode-normalization v0.1.19
[INFO] [stderr]     Checking combine v3.8.1
[INFO] [stderr]     Checking smartstring v0.2.10
[INFO] [stderr]     Checking iovec v0.1.4
[INFO] [stderr]     Checking net2 v0.2.37
[INFO] [stderr]     Checking signal-hook-registry v1.4.0
[INFO] [stderr]     Checking parking_lot_core v0.8.5
[INFO] [stderr]     Checking getrandom v0.1.16
[INFO] [stderr]     Checking num_cpus v1.13.0
[INFO] [stderr]     Checking getrandom v0.2.3
[INFO] [stderr]     Checking hostname v0.3.1
[INFO] [stderr]     Checking time v0.1.43
[INFO] [stderr]     Checking rand_core v0.5.1
[INFO] [stderr]     Checking threadpool v1.8.1
[INFO] [stderr]     Checking resolv-conf v0.7.0
[INFO] [stderr]    Compiling brotli-sys v0.3.2
[INFO] [stderr]     Checking parking_lot v0.11.2
[INFO] [stderr]     Checking rand_core v0.6.3
[INFO] [stderr]     Checking mio v0.6.23
[INFO] [stderr]    Compiling proc-macro-error-attr v1.0.4
[INFO] [stderr]     Checking socket2 v0.3.19
[INFO] [stderr]     Checking rand_chacha v0.2.2
[INFO] [stderr]     Checking rand_chacha v0.3.1
[INFO] [stderr]     Checking flate2 v1.0.21
[INFO] [stderr]     Checking regex v1.5.5
[INFO] [stderr]    Compiling ring v0.16.20
[INFO] [stderr]     Checking rand_os v0.1.3
[INFO] [stderr]     Checking rand v0.7.3
[INFO] [stderr]     Checking atty v0.2.14
[INFO] [stderr]     Checking rand v0.6.5
[INFO] [stderr]     Checking rand v0.8.4
[INFO] [stderr]     Checking scheduled-thread-pool v0.2.5
[INFO] [stderr]     Checking clap v2.33.3
[INFO] [stderr]     Checking r2d2 v0.8.9
[INFO] [stderr]     Checking mio-uds v0.6.8
[INFO] [stderr]     Checking blake2-rfc v0.2.18
[INFO] [stderr]     Checking termcolor v1.1.2
[INFO] [stderr]     Checking tokio v0.2.25
[INFO] [stderr]     Checking argon2rs v0.2.5
[INFO] [stderr]     Checking idna v0.2.3
[INFO] [stderr]     Checking num v0.2.1
[INFO] [stderr]     Checking pem v0.8.3
[INFO] [stderr]     Checking env_logger v0.7.1
[INFO] [stderr]     Checking url v2.2.2
[INFO] [stderr]     Checking tokio-util v0.3.1
[INFO] [stderr]    Compiling proc-macro-error v1.0.4
[INFO] [stderr]    Compiling derive_utils v0.11.2
[INFO] [stderr]     Checking brotli2 v0.3.2
[INFO] [stderr]    Compiling pin-project-internal v0.4.28
[INFO] [stderr]    Compiling derive_more v0.99.16
[INFO] [stderr]    Compiling thiserror-impl v1.0.29
[INFO] [stderr]    Compiling actix-macros v0.1.3
[INFO] [stderr]    Compiling enum-as-inner v0.3.3
[INFO] [stderr]    Compiling pin-project-internal v1.0.8
[INFO] [stderr]    Compiling time-macros-impl v0.1.2
[INFO] [stderr]    Compiling actix-web-codegen v0.4.0
[INFO] [stderr]    Compiling diesel_derives v1.4.1
[INFO] [stderr]    Compiling futures-enum v0.1.17
[INFO] [stderr]    Compiling juniper_codegen v0.15.9
[INFO] [stderr]    Compiling structopt-derive v0.4.16
[INFO] [stderr]    Compiling shrinkwraprs v0.2.3
[INFO] [stderr]     Checking time-macros v0.1.1
[INFO] [stderr]     Checking cookie v0.14.4
[INFO] [stderr]     Checking thiserror v1.0.29
[INFO] [stderr]     Checking pin-project v0.4.28
[INFO] [stderr]     Checking structopt v0.3.23
[INFO] [stderr]     Checking actix-codec v0.3.0
[INFO] [stderr]     Checking graphql-parser v0.3.0
[INFO] [stderr]     Checking pin-project v1.0.8
[INFO] [stderr]     Checking tracing-futures v0.2.5
[INFO] [stderr]     Checking actix-threadpool v0.3.3
[INFO] [stderr]     Checking actix-rt v1.1.1
[INFO] [stderr]     Checking futures-executor v0.3.17
[INFO] [stderr]     Checking actix-service v1.0.6
[INFO] [stderr]     Checking futures v0.3.17
[INFO] [stderr]     Checking trust-dns-proto v0.19.7
[INFO] [stderr]     Checking actix-utils v2.0.0
[INFO] [stderr]     Checking actix-server v1.0.4
[INFO] [stderr]     Checking actix-tls v2.0.0
[INFO] [stderr]     Checking actix-testing v1.0.1
[INFO] [stderr]     Checking trust-dns-resolver v0.19.7
[INFO] [stderr]     Checking actix-connect v2.0.0
[INFO] [stderr]     Checking chrono v0.4.19
[INFO] [stderr]     Checking serde_urlencoded v0.7.0
[INFO] [stderr]     Checking actix-router v0.2.7
[INFO] [stderr]     Checking uuid v0.7.4
[INFO] [stderr]     Checking h2 v0.2.7
[INFO] [stderr]     Checking simple_asn1 v0.4.1
[INFO] [stderr]     Checking diesel v1.4.7
[INFO] [stderr]     Checking bson v1.2.4
[INFO] [stderr]     Checking jsonwebtoken v7.2.0
[INFO] [stderr]     Checking juniper v0.15.10
[INFO] [stderr]     Checking actix-http v2.2.1
[INFO] [stderr]     Checking awc v2.0.3
[INFO] [stderr]     Checking actix-web v3.3.2
[INFO] [stderr]     Checking actix-identity v0.3.1
[INFO] [stderr]     Checking canduma v0.2.0 (/opt/rustwide/workdir)
[INFO] [stdout] error[E0433]: failed to resolve: could not find `object` in `juniper`
[INFO] [stdout]   --> src/graphql/model.rs:35:12
[INFO] [stdout]    |
[INFO] [stdout] 35 | #[juniper::object(Context = Context)]
[INFO] [stdout]    |            ^^^^^^ could not find `object` in `juniper`
[INFO] [stdout] 
[INFO] [stdout] 
[INFO] [stdout] error[E0433]: failed to resolve: could not find `object` in `juniper`
[INFO] [stdout]   --> src/graphql/model.rs:61:12
[INFO] [stdout]    |
[INFO] [stdout] 61 | #[juniper::object(Context = Context)]
[INFO] [stdout]    |            ^^^^^^ could not find `object` in `juniper`
[INFO] [stdout] 
[INFO] [stdout] 
[INFO] [stdout] error[E0433]: failed to resolve: could not find `object` in `juniper`
[INFO] [stdout]  --> src/user/service/token/decode.rs:7:12
[INFO] [stdout]   |
[INFO] [stdout] 7 | #[juniper::object]
[INFO] [stdout]   |            ^^^^^^ could not find `object` in `juniper`
[INFO] [stdout] 
[INFO] [stdout] 
[INFO] [stdout] error[E0433]: failed to resolve: could not find `object` in `juniper`
[INFO] [stdout]   --> src/graphql/model.rs:35:12
[INFO] [stdout]    |
[INFO] [stdout] 35 | #[juniper::object(Context = Context)]
[INFO] [stdout]    |            ^^^^^^ could not find `object` in `juniper`
[INFO] [stdout] 
[INFO] [stdout] 
[INFO] [stdout] error[E0433]: failed to resolve: could not find `object` in `juniper`
[INFO] [stdout]   --> src/graphql/model.rs:61:12
[INFO] [stdout]    |
[INFO] [stdout] 61 | #[juniper::object(Context = Context)]
[INFO] [stdout]    |            ^^^^^^ could not find `object` in `juniper`
[INFO] [stdout] 
[INFO] [stdout] 
[INFO] [stdout] error[E0433]: failed to resolve: could not find `object` in `juniper`
[INFO] [stdout]  --> src/user/service/token/decode.rs:7:12
[INFO] [stdout]   |
[INFO] [stdout] 7 | #[juniper::object]
[INFO] [stdout]   |            ^^^^^^ could not find `object` in `juniper`
[INFO] [stdout] 
[INFO] [stdout] 
[INFO] [stdout] error[E0107]: struct takes at least 3 generic arguments but 2 generic arguments were supplied
[INFO] [stdout]   --> src/graphql/model.rs:71:35
[INFO] [stdout]    |
[INFO] [stdout] 71 | pub(crate) type Schema = juniper::RootNode<'static, QueryRoot, Mutation>;
[INFO] [stdout]    |                                   ^^^^^^^^          ---------  -------- supplied 2 generic arguments
[INFO] [stdout]    |                                   |
[INFO] [stdout]    |                                   expected at least 3 generic arguments
[INFO] [stdout]    |
[INFO] [stdout] note: struct defined here, with at least 3 generic parameters: `QueryT`, `MutationT`, `SubscriptionT`
[INFO] [stdout]   --> /opt/rustwide/cargo-home/registry/src/index.crates.io-6f17d22bba15001f/juniper-0.15.10/src/schema/model.rs:24:12
[INFO] [stdout]    |
[INFO] [stdout] 24 | pub struct RootNode<
[INFO] [stdout]    |            ^^^^^^^^
[INFO] [stdout] 25 |     'a,
[INFO] [stdout] 26 |     QueryT: GraphQLType<S>,
[INFO] [stdout]    |     ------
[INFO] [stdout] 27 |     MutationT: GraphQLType<S>,
[INFO] [stdout]    |     ---------
[INFO] [stdout] 28 |     SubscriptionT: GraphQLType<S>,
[INFO] [stdout]    |     -------------
[INFO] [stdout] help: add missing generic argument
[INFO] [stdout]    |
[INFO] [stdout] 71 | pub(crate) type Schema = juniper::RootNode<'static, QueryRoot, Mutation, SubscriptionT>;
[INFO] [stdout]    |                                                                        +++++++++++++++
[INFO] [stdout] 
[INFO] [stdout] 
[INFO] [stdout] error: aborting due to 4 previous errors
[INFO] [stdout] 
[INFO] [stdout] 
[INFO] [stdout] Some errors have detailed explanations: E0107, E0433.
[INFO] [stdout] 
[INFO] [stdout] For more information about an error, try `rustc --explain E0107`.
[INFO] [stdout] 
[INFO] [stderr] error: could not compile `canduma` (bin "canduma" test) due to 5 previous errors
[INFO] [stdout] error[E0107]: struct takes at least 3 generic arguments but 2 generic arguments were supplied
[INFO] [stdout]   --> src/graphql/model.rs:71:35
[INFO] [stdout]    |
[INFO] [stdout] 71 | pub(crate) type Schema = juniper::RootNode<'static, QueryRoot, Mutation>;
[INFO] [stdout]    |                                   ^^^^^^^^          ---------  -------- supplied 2 generic arguments
[INFO] [stdout]    |                                   |
[INFO] [stdout]    |                                   expected at least 3 generic arguments
[INFO] [stdout]    |
[INFO] [stdout] note: struct defined here, with at least 3 generic parameters: `QueryT`, `MutationT`, `SubscriptionT`
[INFO] [stdout]   --> /opt/rustwide/cargo-home/registry/src/index.crates.io-6f17d22bba15001f/juniper-0.15.10/src/schema/model.rs:24:12
[INFO] [stdout]    |
[INFO] [stdout] 24 | pub struct RootNode<
[INFO] [stdout]    |            ^^^^^^^^
[INFO] [stdout] 25 |     'a,
[INFO] [stdout] 26 |     QueryT: GraphQLType<S>,
[INFO] [stdout]    |     ------
[INFO] [stdout] 27 |     MutationT: GraphQLType<S>,
[INFO] [stdout]    |     ---------
[INFO] [stdout] 28 |     SubscriptionT: GraphQLType<S>,
[INFO] [stdout]    |     -------------
[INFO] [stdout] help: add missing generic argument
[INFO] [stdout]    |
[INFO] [stdout] 71 | pub(crate) type Schema = juniper::RootNode<'static, QueryRoot, Mutation, SubscriptionT>;
[INFO] [stdout]    |                                                                        +++++++++++++++
[INFO] [stdout] 
[INFO] [stdout] 
[INFO] [stderr] warning: build failed, waiting for other jobs to finish...
[INFO] [stdout] error: aborting due to 4 previous errors
[INFO] [stdout] 
[INFO] [stdout] 
[INFO] [stdout] Some errors have detailed explanations: E0107, E0433.
[INFO] [stdout] 
[INFO] [stdout] For more information about an error, try `rustc --explain E0107`.
[INFO] [stdout] 
[INFO] [stderr] error: could not compile `canduma` (bin "canduma") due to 5 previous errors
[INFO] running `Command { std: "docker" "inspect" "14614d1036a547f5cb0cf10f22ebd1a485c59f0e556e5c798fb221fd3ed2a063", kill_on_drop: false }`
[INFO] running `Command { std: "docker" "rm" "-f" "14614d1036a547f5cb0cf10f22ebd1a485c59f0e556e5c798fb221fd3ed2a063", kill_on_drop: false }`
[INFO] [stdout] 14614d1036a547f5cb0cf10f22ebd1a485c59f0e556e5c798fb221fd3ed2a063
